269, 83653
What are the prime factors of 314497?
314497
List the prime factors of 313252.
2, 71, 1103
What are the prime factors of 36626?
2, 18313
List the prime factors of 11369.
11369
List the prime factors of 1396299.
3, 465433
What are the prime factors of 18004587?
3, 239, 25111
List the prime factors of 3340133.
29, 149, 773
What are the prime factors of 193572?
2, 3, 19, 283
What are the prime factors of 206263?
206263
What are the prime factors of 533338?
2, 13, 73, 281
List the prime factors of 4994079.
3, 47, 35419
List the prime factors of 2827103.
59, 47917
List the prime factors of 1402853.
373, 3761
What are the prime factors of 3968748?
2, 3, 7, 15749
List the prime factors of 1702763.
47, 36229
What are the prime factors of 691974?
2, 3, 37, 1039
List the prime factors of 65121.
3, 7, 443
List the prime factors of 5231905.
5, 7, 83, 1801
What are the prime factors of 3689341?
31, 61, 1951
List the prime factors of 51573.
3, 17191
List the prime factors of 700703.
700703
List the prime factors of 337813.
7, 48259
List the prime factors of 2878661.
17, 313, 541
List the prime factors of 162929.
13, 83, 151
List the prime factors of 27962935.
5, 7, 11, 13, 37, 151
What are the prime factors of 2157185?
5, 317, 1361
What are the prime factors of 39264?
2, 3, 409
List the prime factors of 413523.
3, 11, 4177
What are the prime factors of 8773640?
2, 5, 421, 521
List the prime factors of 546986.
2, 11, 23, 47
List the prime factors of 1076839.
971, 1109
List the prime factors of 326100.
2, 3, 5, 1087
List the prime factors of 5947.
19, 313
What are the prime factors of 2570739?
3, 79, 10847
List the prime factors of 23353994.
2, 3259, 3583
List the prime factors of 146934.
2, 3, 907
What are the prime factors of 79044?
2, 3, 7, 941
What are the prime factors of 3879883?
7, 554269
List the prime factors of 596517.
3, 198839
List the prime factors of 498138.
2, 3, 83023
List the prime factors of 419169.
3, 17, 8219
List the prime factors of 146732.
2, 36683
What are the prime factors of 1329387?
3, 443129
What are the prime factors of 2465200?
2, 5, 6163
List the prime factors of 11620608.
2, 3, 15131
List the prime factors of 187270.
2, 5, 61, 307
What are the prime factors of 7160399?
191, 37489
What are the prime factors of 4553593?
11, 37633
What are the prime factors of 547291?
547291
List the prime factors of 257278.
2, 7, 17, 23, 47
What are the prime factors of 2791013?
1531, 1823
What are the prime factors of 9022080?
2, 3, 5, 37, 127
List the prime factors of 3064748.
2, 766187
What are the prime factors of 8682637?
2441, 3557
List the prime factors of 2610243.
3, 290027
List the prime factors of 8784.
2, 3, 61
What are the prime factors of 205345?
5, 7, 5867
What are the prime factors of 73567?
13, 5659
List the prime factors of 2738843.
109, 25127
What are the prime factors of 14204403?
3, 29, 6047
List the prime factors of 465057.
3, 51673
List the prime factors of 12372523.
12372523
List the prime factors of 171821.
13, 13217
What are the prime factors of 2136810?
2, 3, 5, 13, 5479
List the prime factors of 53371.
19, 53
What are the prime factors of 4465690?
2, 5, 446569
What are the prime factors of 494373?
3, 11, 71, 211
What are the prime factors of 23781621?
3, 7927207
What are the prime factors of 6342710?
2, 5, 11, 23, 109
List the prime factors of 80534.
2, 67, 601
What are the prime factors of 127313?
17, 7489
What are the prime factors of 3209615?
5, 641923
List the prime factors of 15797591.
15797591
List the prime factors of 919029.
3, 113, 2711
List the prime factors of 3404909.
83, 41023
List the prime factors of 355821.
3, 83, 1429
What are the prime factors of 1577167?
599, 2633
List the prime factors of 2960792.
2, 53, 6983
What are the prime factors of 5863404?
2, 3, 488617
What are the prime factors of 1832480?
2, 5, 13, 881
List the prime factors of 60017.
60017
List the prime factors of 108203.
108203
List the prime factors of 1074510.
2, 3, 5, 11939
What are the prime factors of 982455?
3, 5, 65497
List the prime factors of 448186.
2, 277, 809
List the prime factors of 22290385.
5, 13, 342929
List the prime factors of 318248.
2, 7, 5683
What are the prime factors of 409773?
3, 7, 13, 19, 79
What are the prime factors of 3117292?
2, 19, 41017
What are the prime factors of 534170?
2, 5, 7, 13, 587
What are the prime factors of 2144313?
3, 23, 1151
List the prime factors of 887967.
3, 98663
What are the prime factors of 109209?
3, 59, 617
List the prime factors of 208289.
31, 6719
List the prime factors of 450481.
450481
List the prime factors of 23450824.
2, 43, 68171
What are the prime factors of 803258?
2, 401629
What are the prime factors of 432502?
2, 7, 30893
What are the prime factors of 1176391?
1176391
What are the prime factors of 517703?
461, 1123
What are the prime factors of 3801994?
2, 7, 271571
List the prime factors of 6594741.
3, 732749
What are the prime factors of 625368?
2, 3, 71, 367
What are the prime factors of 1493331?
3, 7, 17, 47, 89
What are the prime factors of 34294070?
2, 5, 181, 18947
What are the prime factors of 687384?
2, 3, 9547
List the prime factors of 2865993.
3, 13, 43, 1709
What are the prime factors of 220367?
7, 31481
List the prime factors of 1655639.
29, 37, 1543
List the prime factors of 19138573.
3049, 6277
List the prime factors of 594197.
83, 7159
What are the prime factors of 594835?
5, 118967
List the prime factors of 206645.
5, 37, 1117
What are the prime factors of 1262774?
2, 631387
List the prime factors of 13048363.
151, 86413
What are the prime factors of 917754?
2, 3, 152959
What are the prime factors of 328491?
3, 17, 19, 113
List the prime factors of 718619.
11, 5939
What are the prime factors of 78028?
2, 19507
List the prime factors of 511044.
2, 3, 37, 1151
What are the prime factors of 16024203?
3, 13, 71, 643
List the prime factors of 255818.
2, 37, 3457
List the prime factors of 15525208.
2, 29, 66919
What are the prime factors of 3565049?
3565049
List the prime factors of 550423.
113, 4871
List the prime factors of 284829.
3, 19, 263
List the prime factors of 1160109.
3, 42967
List the prime factors of 87933.
3, 29311
What are the prime factors of 3602522?
2, 7, 11, 149, 157
What are the prime factors of 2897217?
3, 89, 3617
List the prime factors of 544565.
5, 7, 15559
List the prime factors of 821.
821
What are the prime factors of 15055816?
2, 53, 35509
What are the prime factors of 321520?
2, 5, 4019
What are the prime factors of 5149701?
3, 71, 8059
What are the prime factors of 16235802?
2, 3, 11, 3037
What are the prime factors of 915936?
2, 3, 7, 29, 47
List the prime factors of 294683.
103, 2861
What are the prime factors of 411315?
3, 5, 17, 1613
List the prime factors of 1102036.
2, 13, 21193
List the prime factors of 1117520.
2, 5, 61, 229
List the prime factors of 4002795.
3, 5, 88951
List the prime factors of 3804100.
2, 5, 109, 349
What are the prime factors of 2624144?
2, 401, 409
What are the prime factors of 26857565?
5, 7, 767359
List the prime factors of 210414.
2, 3, 35069
What are the prime factors of 1185474?
2, 3, 41, 61, 79
What are the prime factors of 3952022?
2, 1976011
What are the prime factors of 2971960?
2, 5, 191, 389
What are the prime factors of 8523417?
3, 7, 43, 9439
What are the prime factors of 178752?
2, 3, 7, 19
List the prime factors of 1373747.
499, 2753
List the prime factors of 1831929.
3, 11, 43, 1291
List the prime factors of 34451.
47, 733
List the prime factors of 192701.
131, 1471
What are the prime factors of 16753777?
53, 316109
What are the prime factors of 109945?
5, 11, 1999
List the prime factors of 121204.
2, 157, 193
List the prime factors of 21682675.
5, 7, 23, 5387
What are the prime factors of 6234678?
2, 3, 263, 439
List the prime factors of 7524273.
3, 2508091
List the prime factors of 12304041.
3, 4101347
What are the prime factors of 27167409?
3, 3018601
What are the prime factors of 208592?
2, 13037
List the prime factors of 526.
2, 263
What are the prime factors of 3028594?
2, 23, 65839
What are the prime factors of 1658234?
2, 157, 5281
What are the prime factors of 20503221?
3, 6834407
List the prime factors of 2606359.
7, 43, 1237
What are the prime factors of 190